729 and 8397?
27
Calculate the highest common factor of 32 and 379496.
8
Calculate the greatest common divisor of 133022 and 908.
454
Calculate the highest common divisor of 22 and 610599.
11
What is the highest common divisor of 5154 and 12?
6
What is the greatest common factor of 149778 and 69237?
1413
What is the highest common divisor of 27144 and 1287?
117
Calculate the highest common factor of 43966 and 133.
19
What is the highest common divisor of 222 and 131757?
111
Calculate the greatest common factor of 12 and 218874.
6
What is the highest common factor of 6534670 and 38?
38
What is the highest common divisor of 257 and 534817?
257
What is the highest common divisor of 2937 and 4272?
267
Calculate the greatest common divisor of 325 and 1245075.
325
What is the highest common divisor of 76998 and 4428?
246
Calculate the highest common factor of 64461 and 27.
3
Calculate the highest common factor of 235872 and 6006.
546
What is the highest common divisor of 3634025 and 100?
25
What is the greatest common divisor of 12325 and 915450?
425
What is the greatest common factor of 8168 and 56?
8
Calculate the greatest common factor of 194 and 2434.
2
What is the greatest common factor of 156341 and 237?
79
Calculate the highest common factor of 1781664 and 32.
32
What is the highest common divisor of 2894353 and 77?
77
What is the highest common divisor of 495 and 8865?
45
What is the highest common factor of 75273 and 33?
33
What is the greatest common factor of 28 and 2047766?
14
Calculate the highest common factor of 5132596 and 14.
14
Calculate the greatest common divisor of 580 and 440684.
116
What is the greatest common divisor of 39526 and 4?
2
What is the greatest common divisor of 1740 and 107764?
116
Calculate the greatest common factor of 22 and 81939.
11
Calculate the greatest common divisor of 265 and 47.
1
What is the highest common factor of 629 and 3944?
17
What is the highest common divisor of 18590 and 411840?
1430
What is the greatest common divisor of 21 and 5637?
3
What is the highest common divisor of 158037 and 33?
33
What is the greatest common factor of 39 and 35789?
13
Calculate the highest common factor of 715 and 444665.
65
What is the greatest common factor of 5905 and 25?
5
Calculate the highest common divisor of 2878330 and 10.
10
Calculate the greatest common factor of 20 and 100420.
20
Calculate the highest common divisor of 695 and 84860.
5
Calculate the greatest common factor of 93313 and 2495.
499
Calculate the highest common factor of 360 and 7815.
15
What is the greatest common divisor of 60 and 898785?
15
What is the greatest common divisor of 1085 and 461993?
217
Calculate the highest common divisor of 19532 and 2432.
76
Calculate the greatest common factor of 15144 and 192.
24
Calculate the greatest common divisor of 330 and 30558.
66
Calculate the highest common divisor of 180 and 4824.
36
What is the highest common factor of 110 and 584610?
10
What is the greatest common divisor of 289 and 8177?
17
What is the highest common divisor of 223 and 134023?
223
What is the highest common divisor of 10894 and 442?
26
What is the greatest common divisor of 244932 and 12?
12
What is the highest common factor of 632 and 96008?
8
What is the greatest common divisor of 5410398 and 42?
42
Calculate the greatest common divisor of 33673 and 302.
151
Calculate the greatest common factor of 14847 and 1680.
21
What is the highest common factor of 119 and 34391?
119
Calculate the greatest common divisor of 35057 and 77.
11
Calculate the highest common factor of 33186 and 18.
6
Calculate the highest common factor of 62802 and 135.
27
Calculate the highest common factor of 3 and 59241.
3
What is the greatest common divisor of 297871 and 294?
49
Calculate the highest common factor of 20519 and 71.
71
Calculate the highest common divisor of 8510 and 167980.
370
Calculate the highest common factor of 2035 and 157520.
55
What is the highest common factor of 90 and 93465?
45
What is the highest common factor of 1204 and 16555?
301
Calculate the highest common factor of 29045 and 25.
5
What is the greatest common factor of 2240 and 98140?
140
Calculate the highest common factor of 3708 and 828.
36
What is the highest common factor of 70186 and 76?
38
What is the highest common divisor of 102 and 360706?
34
What is the highest common divisor of 320 and 96096?
32
Calculate the highest common divisor of 322 and 8082522.
322
Calculate the greatest common divisor of 48 and 552784.
16
What is the highest common divisor of 2805 and 4059?
33
What is the greatest common factor of 30694 and 824?
206
Calculate the greatest common divisor of 12548 and 4.
4
What is the greatest common factor of 168 and 116361?
21
Calculate the greatest common factor of 88938 and 1053.
81
Calculate the greatest common factor of 20378 and 79297.
443
Calculate the greatest common factor of 29575 and 531167.
1183
What is the highest common factor of 121 and 451?
11
What is the highest common divisor of 39219 and 34?
17
What is the greatest common divisor of 3638 and 4066?
214
Calculate the highest common divisor of 385196 and 112.
28
What is the highest common divisor of 51604 and 8246?
266
What is the highest common divisor of 30 and 958890?
30
Calculate the highest common factor of 2187 and 24462.
81
Calculate the highest common divisor of 99180 and 87.
87
Calculate the greatest common divisor of 41914 and 76.
38
Calculate the greatest common divisor of 16 and 191696.
16
What is the greatest common factor of 4112 and 80?
16
Calculate the greatest common factor of 234242 and 9478.
1354
Calculate the greatest common divisor of 26181 and 477.
9
Calculate the greatest common factor of 17805 and 240.
15
Calculate the greatest common divisor of 2140 and 3140.
20
Calculate the highest common divisor of 114016 and 224.
224
Calculate the greatest common factor of 156 and 269178.
78
Calculate the highest common divisor of 30 and 1130.
10
Calculate the highest common factor of 15935 and 10.
5
Calculate the highest common factor of 22888986 and 474.
474
Calculate the greatest common factor of 793 and 11141.
13
Calculate the highest common divisor of 706134 and 6864.
858
Calculate the highest common factor of 2325 and 120.
15
What is the greatest common factor of 150 and 21550?
50
Calculate the highest common divisor of 24 and 7271592.
24
What is the highest common factor of 86226 and 42?
42
Calculate the greatest common divisor of 6 and 18123.
3
What is the highest common divisor of 2599 and 3059?
23
What is the greatest common divisor of 22379 and 368?
23
Calculate the greatest common factor of 5 and 1670505.
5
What is the greatest common divisor of 996042 and 1308?
654
Calculate the highest common divisor of 11970 and 2310.
210
What is the greatest common factor of 32816 and 1864?
8
What is the greatest common factor of 2200 and 127930?
110
What is the greatest common factor of 33 and 525?
3
Calculate the highest common factor of 88 and 1133.
11
Calculate the highest common divisor of 18632 and 3281.
17
Calculate the highest common divisor of 28 and 1415204.
28
Calculate the highest common divisor of 640 and 1062560.
160
Calculate the greatest common divisor of 7579 and 60049.
583
Calculate the greatest common factor of 6670 and 3680.
230
What is the highest common divisor of 18 and 11814?
6
Calculate the highest common factor of 198757 and 65.
13
Calculate the greatest common factor of 12439 and 7.
7
Calculate the greatest common divisor of 17988 and 475183.
1499
What is the highest common divisor of 423185 and 5537?
791
What is the greatest common divisor of 21 and 416087?
7
Calculate the greatest common divisor of 75049 and 299.
299
What is the greatest common divisor of 155 and 210955?
155
Calculate the highest common factor of 102 and 6698.
34
What is the highest common divisor of 436145 and 285?
95
Calculate the highest common factor of 792 and 15552.
72
What is the greatest common divisor of 1444 and 1228483?
361
What is the greatest common factor of 46268 and 129?
43
What is the greatest common divisor of 6174 and 24514?
14
Calculate the greatest common divisor of 48 and 26718.
6
What is the highest common divisor of 37456 and 16?
16
What is the highest c